
-6
Let r(j) = -6*j**2 - 3*j + 2. Let l(v) = -v**2 - v + 1. Let w(x) = 3*l(x) - r(x). Let i be w(-1). Let q(h) = -h**3 + 4*h**2 + h - 1. What is q(i)?
3
Let h(y) = -y**2 + 2. Let a(g) = -g**2 - g + 1. Let t(n) = -5*a(n) + 6*h(n). Determine t(6).
1
Let c(v) = -3*v**3 + 6*v**2 - 5*v + 5. Let l be c(2). Let x(t) = t**2 + 6*t + 1. Calculate x(l).
-4
Let o(i) = 1 + 1 + 7 - 2 + i. What is o(-6)?
1
Let r(w) = w**3 + 4*w**2 + w - 2. Suppose -4*c - 5*x - 5 = 0, 25 = x - 6*x. Let f be (-6)/(4/(-4)) - 2. Suppose c*p = 7*p + f. Calculate r(p).
4
Let k(t) = t**3 - 4*t**2 - 3*t + 6. Let a be k(4). Let w(j) = -24*j - 23*j + 1 + 72*j - 26*j. What is w(a)?
7
Let f(s) be the third derivative of -s**6/120 - s**3/3 + 5*s**2. Calculate f(0).
-2
Let n be ((-3)/6)/((-1)/6). Suppose -4*g = -n*s - 20, -5*s - 2*g - g = -15. Let a(j) = j + 0*j - 3 + 1. Determine a(s).
-2
Let s(z) = -z**3 - 5*z**2 - z + 1. Let a(w) = w**3 - 2*w**2 - 2*w + 4. Let l be a(3). Suppose -3*v - l = -p + 3*p, 13 = -5*v - 3*p. Calculate s(v).
6
Suppose -2*y - 2*y = 0. Let n be 2/(-2 + y + 1). Let o(k) = 0*k - 2 + 0 - 2*k. Give o(n).
2
Let y(o) = o**3 - 3*o**2 - 3. Suppose -4*h - 21 = -3*s + 18, -2*h - 27 = s. Let z be 9/h*8/(-2). Determine y(z).
-3
Let n(d) = d. Let v(b) = -7*b + 10. Let u(c) = 8*c - 11. Let f(r) = 2*u(r) + 3*v(r). Let p(s) = -f(s) - 4*n(s). Calculate p(0).
-8
Let c = -18 + 24. Let y be (-2 - 7)*4/c. Let o(q) = -q**2 - 8*q - 3. Give o(y).
9
Let a = 8 + -10. Suppose 0*f - 6 = -3*f. Let y(z) = f*z - 1 + 1 - 1. Give y(a).
-5
Let z(k) = -3 + 6 - 204*k**2 + 203*k**2 - 5*k. Calculate z(-6).
-3
Let z(k) = -2 + k**2 - 5*k**2 - k**3 + 0*k**2 - k. Let s(d) = d**3 + d**2 + d + 2. Suppose -2*v = 5*a + 6, -5*a + 3*a + 3*v = 10. Let n be s(a). Give z(n).
2
Let w be (18/(-8))/(6/(-16)). Let m be (-4)/w*(-3)/2. Let o be 3/6*2*m. Let r(i) = -6*i**2 + i. Give r(o).
-5
Let s = 2 + -2. Suppose -2*b + 6 = 2*c, c - b - 3*b + 2 = s. Let a(o) = -5*o - 6. Let h(n) = 4*n + 5. Let t(f) = -5*a(f) - 6*h(f). What is t(c)?
2
Suppose 2*u - 5*u - 3*h = -39, -2*u + 38 = 5*h. Suppose 4*t - u = -1. Let j(i) = 3 + 2*i**2 - i**2 - i - 4*i. Calculate j(t).
-3
Let k(b) = -3*b + 2*b**2 + 4 - 102*b**3 + 0*b**2 + 101*b**3. Determine k(3).
-14
Suppose 2*w = -w - 4*m, -3*w = -4*m. Let p(o) = o**2 - 4*o + 11. Let j(b) = -b**2 + 3*b - 10. Let a(l) = 4*j(l) + 3*p(l). Give a(w).
-7
Suppose -2*u = 3*n - 15, 12 = 2*n - 4*u + 2. Let z(c) = c. Calculate z(n).
5
Suppose 2 = -5*v + 2*o + 11, -2*v + 5*o - 9 = 0. Let z(p) = -3*p - 4 + v*p - p. Suppose -a + 9 = -4*a. What is z(a)?
-1
Suppose 20 = 6*g - g. Let a(u) = -2*u + u + 3 + 0*u. Calculate a(g).
-1
Let m(d) = d**2 + 5*d - 6. Let y be m(-5). Let k = y + 12. Let s(r) = -6*r + r**2 + k*r - 5. Give s(0).
-5
Let o(q) = -3 + q + 3. Let j(d) = d - 1. Let m(a) = j(a) - 5*o(a). What is m(1)?
-5
Let l(m) = -2*m**2 - 2*m. Let q(g) = -2*g - 4. Let f be q(-3). Suppose -4*u - 19 = -f*u - 3*s, 0 = 2*u + s - 1. What is l(u)?
-4
Suppose 3*i - 20 + 5 = 0. Let j(d) = -6 - 3*d**2 - d + 7*d + 2*d**2. Give j(i).
-1
Suppose 0*k = 5*k - 10. Let x(y) = y - 2*y + 1 - k*y + 4*y. Let f = 2 + -6. Determine x(f).
-3
Suppose 3*p = 2*p. Let z(l) = p*l**3 + l**3 + 2*l**3 - 1 - 2*l. Calculate z(-1).
-2
Let o(p) be the first derivative of p**3/3 + 9*p**2/2 + 4*p - 6. Give o(-9).
4
Suppose n = -n + 3*c + 6, 0 = 5*n - 4*c - 15. Let t(k) = 4*k**2 - k + 2*k - 5*k**2 + n*k. Determine t(4).
0
Let r(s) = 9*s + 10*s - 18*s + 1. Let l(j) = j**2 - 5*j - 2. Let c(z) = z + 1. Let a be c(0). Let h(o) = a*l(o) + r(o). Determine h(3).
-4
Let s(y) = 4*y**3 + 7*y**2 + 5*y - 4. Let w(u) = 5*u**3 + 8*u**2 + 6*u - 5. Let r(m) = -4*s(m) + 3*w(m). What is r(-2)?
-3
Let w(l) = 7*l**2 + 10*l + 9. Let c(k) = -6*k**2 - 9*k - 8. Let s be (-3)/(-6) - 44/(-8). Let d(n) = s*c(n) + 5*w(n). Suppose -15 = 4*h + 1. What is d(h)?
-3
Let m(z) be the first derivative of z**3/6 - 2*z**2 + 3*z - 3. Let w(h) be the first derivative of m(h). Give w(0).
-4
Let w(c) = 2*c**2 - 7*c + 4. Let t be w(4). Let i = t + -14. Let v(h) = h**2 + 6*h - 1. Determine v(i).
-1
Let r(u) = u**3 + 4*u**2 + 2*u. Let p be (-7)/(-28) + 17/(-4). Determine r(p).
-8
Let c(g) = 3*g + 1. Let m be c(2). Let k = m - 4. Let d(q) = -5*q**k - 4*q + 4*q + q**2. Calculate d(1).
-4
Let p(t) = -t. Let w(x) = x**2 - x + 2. Let j be w(2). Let i = j + -1. Calculate p(i).
-3
Let l(a) = -a**2 + 10*a - 6. Suppose 5*j - 33 = -h, -3*j + 29 = -5*h - 2. What is l(j)?
15
Let w(f) = -f**2 + 6*f - 8. Let i = -98 - -35. Let z be ((-6)/9)/(7/i). Determine w(z).
-8
Let z(k) = -4*k + 5*k + 0*k**2 + 5*k**2 - 3*k**2. Let w be (5 + -6)*1/(-1). Calculate z(w).
3
Let g(i) = 1 - 7*i + 3*i**3 - 2*i**3 - 7 + 4*i**2. Let k be 2 + (-5)/(5/(-2)). Suppose 0 = -k*q + 3*q - 5. Give g(q).
4
Let i(x) = x + 19. Let h be i(-14). Let t(k) = k - 2. What is t(h)?
3
Suppose 4*h = 2*s - 24, -5*s - 12 = -3*s + 5*h. Let k(c) = 4*c - 5 + 6 + 15*c**2 - 16*c**2. Determine k(s).
1
Let b(h) be the second derivative of -7*h**5/20 + h**4/3 + h**3 - h**2 - 3*h. Let w(u) = u**3 - u**2 - u. Let q(j) = b(j) + 6*w(j). Calculate q(-2).
-2
Let j(a) be the third derivative of 1/6*a**3 - 1/12*a**4 + 0 + 0*a + a**2 - 1/120*a**6 + 1/30*a**5. Calculate j(1).
0
Let g(x) = -x. Let d be (2 + -2)/(2 + -3). Calculate g(d).
0
Let h(u) be the first derivative of -u**4/4 + u**3/3 + u**2 + u + 9. What is h(2)?
1
Let m(f) = 5 - 1 - f - 3 + 0. Let k(b) = -b**2 - 3. Let d be k(0). Determine m(d).
4
Let l = -4 + 7. Let w = -4 + 7. Let k(u) = 4*u**w - 2 - 3*u**l - u + 3. Give k(-2).
-5
Let t(w) = w**2 + 6*w + 14. Let l be t(-4). Let q(r) = -2 + 4 - 3 - r. Give q(l).
-7
Suppose -g + 7 = 1. Let u = g - 3. Let x(t) = t**3 - 2*t**2 - 3*t - 3. Calculate x(u).
-3
Let x(y) = y**3 - 14*y**2. Let c be 14/1 - (0 - 0). What is x(c)?
0
Let f(q) = 4*q**2 + 4*q - 4. Let d(u) = -3*u**2 - 3*u + 3. Let m(o) = 3*d(o) + 2*f(o). What is m(0)?
1
Let o(t) be the second derivative of -t**5/20 + t**4/12 + t**3/2 + t**2 - 4*t. Determine o(-2).
8
Let u(n) = -1. Let b(m) = -2*m + 3. Let k(p) = b(p) + 6*u(p). Give k(-4).
5
Let o(u) be the second derivative of u**5/20 + u**4/3 - 2*u**3/3 - 3*u**2 + 3*u. Determine o(-5).
-11
Let g(d) = -2*d**2 + 5*d - 7. Let l be g(3). Let k(v) = -v - 5. Determine k(l).
5
Let g(j) = 2*j**2 - 2*j - 1. Let i(q) = q**3 + q**2 - 5. Let p be i(0). Let x(d) = 1 - 5*d - 4 + 4*d. Let r be x(p). What is g(r)?
3
Let i(d) = -2*d + 3. Let m(p) = p - 4. Let v(t) = 3*i(t) + 2*m(t). Give v(2).
-7
Let o = -25 + 18. Let d(f) = -7 - f + 7 - 5. What is d(o)?
2
Let d(a) be the second derivative of a**3/6 - a**2/2 + 2*a. Give d(-6).
-7
Let p(l) = -2*l + 2. Let u = -12 - -17. What is p(u)?
-8
Let o be 4/6 + (-44)/12. Let n(b) = 5*b + 1. Let m(y) = 4*y. Let l(q) = 6*m(q) - 5*n(q). Determine l(o).
-2
Let t be (4/6)/(4/12). Suppose 2*y = 3*p + t + 19, -20 = 4*p. Let s(m) = -3*m. What is s(y)?
-9
Let z(s) = -8*s + 18*s - 11*s - 1. What is z(3)?
-4
Let d(g) be the third derivative of g**5/30 + 7*g**4/24 + g**3 - 6*g**2. Calculate d(-4).
10
Let f = 33/2 + -49/3. Let y(i) be the second derivative of -1/2*i**2 + 0 - 3*i + f*i**3. What is y(-1)?
-2
Let w(r) = -r**3 - 6*r**2 - 5*r - 1. Suppose a - 8 = j, -5*j + a - 22 - 6 = 0. What is w(j)?
-1
Let d(p) = 4*p**2 + 8*p - 5. Let q(w) = -w**2 - 11*w + 3. Let i be q(-11). Let r(k) = 9*k**2 + 17*k - 11. Let l(f) = i*r(f) - 7*d(f). Calculate l(-5).
2
Let v(p) = -p**3 - 4*p**2 - 2*p + 1. Let o be (-2)/(2*2/(-12)). Suppose 240 = 4*j + 4*u, -o*j + 4*u = -j - 273. Let l be (-2)/7 - j/21. Give v(l).
-2
Let c(y) = y**2 + y - 10. Let d be -1 + 2 - 0/2. Let g = d + 6. Let p(h) = -h**3 + 6*h**2 + 7*h. Let b be p(g). What is c(b)?
-10
Suppose -4*k - 180 = k + 5*z, 2*k = 3*z - 92. Let s be (2/5)/(4/k). Let h(f) = -f**2 + 2*f**2 + 2*f + f + 2. What is h(s)?
6
Let q(p) be the first derivative of p**4/4 - p**3 - 3*p**2/2 - 3*p + 45. Determine q(4).
1
Let x(p) = -2*p**2 + 3*p - 6. Let s(y) = 3*y**2 - 6*y + 11. Let k be 0/(-2 + (0 - 0)). Suppose -m + 2 - 5 = k. Let i(a) = m*s(a) - 5*x(a). Determine i(-5).
7
Let g(m) = m**2 + 3*m + 5. Let s(l) = l**2 + 3*l + 6. Let k(q) = 4*g(q) - 3*s(q). Give k(-2).
0
Let q(b) = 11*b - 6*b + 1 + 0*b. Give q(1).
6
Let v(z) = -2*z**3 + 2*z**2 - 2*z + 2. Let m(g) = g - 7. Let r be m(9). What is v(r)?
-10
Let v = 4 - 2. Let z(r) =